{"id":454,"date":"2019-10-01T14:43:32","date_gmt":"2019-10-01T14:43:32","guid":{"rendered":"https:\/\/micheladrianomedeiros.com.br\/blog\/?page_id=454"},"modified":"2020-07-13T13:38:56","modified_gmt":"2020-07-13T16:38:56","slug":"acesso-a-dados","status":"publish","type":"page","link":"https:\/\/micheladrianomedeiros.com.br\/blog\/acesso-a-dados\/","title":{"rendered":"Acesso a Dados"},"content":{"rendered":"\n\n<script type=\"text\/javascript\">\n\n\t \n\t  \n\t function  rgpdPDAClick()\n\t {\n\t\tdocument.getElementById(\"rgpdmenu1\").style.display= \"block\";\n\t\tdocument.getElementById(\"rgpdmenu2\").style.display= \"none\";  \n\t\tdocument.getElementById(\"rgpdmenu3\").style.display= \"none\";\n\t\tdocument.getElementById(\"rgpdmenu4\").style.display= \"none\"; \n\t\t\n\t\t\/\/disable other tabs and color\n\t\tdocument.getElementById(\"rgpdPDA\").style.backgroundColor= \"#fafafa\";\n\t\tdocument.getElementById(\"rgpdFM\").style.backgroundColor= \"white\";  \n\t\tdocument.getElementById(\"rgpdDR\").style.backgroundColor= \"white\";\n\t\tdocument.getElementById(\"rgpdUR\").style.backgroundColor= \"white\";\n\t }\n\t function  rgpdFMClick()\n\t {\n\t\tdocument.getElementById(\"rgpdmenu1\").style.display= \"none\";\n\t\tdocument.getElementById(\"rgpdmenu2\").style.display= \"block\";  \n\t\tdocument.getElementById(\"rgpdmenu3\").style.display= \"none\";\n\t\tdocument.getElementById(\"rgpdmenu4\").style.display= \"none\"; \n\t\t\n\t\t\/\/disable other tabs and color\n\t\tdocument.getElementById(\"rgpdPDA\").style.backgroundColor= \"white\";\n\t\tdocument.getElementById(\"rgpdFM\").style.backgroundColor= \"#fafafa\";  \n\t\tdocument.getElementById(\"rgpdDR\").style.backgroundColor= \"white\";\n\t\tdocument.getElementById(\"rgpdUR\").style.backgroundColor= \"white\";\n\t }\n\t function  rgpdDRClick()\n\t {\n\t\tdocument.getElementById(\"rgpdmenu1\").style.display= \"none\";\n\t\tdocument.getElementById(\"rgpdmenu2\").style.display= \"none\";  \n\t\tdocument.getElementById(\"rgpdmenu3\").style.display= \"block\";\n\t\tdocument.getElementById(\"rgpdmenu4\").style.display= \"none\"; \n\t\t\n\t\t\/\/disable other tabs and color\n\t\tdocument.getElementById(\"rgpdPDA\").style.backgroundColor= \"white\";\n\t\tdocument.getElementById(\"rgpdFM\").style.backgroundColor= \"white\";  \n\t\tdocument.getElementById(\"rgpdDR\").style.backgroundColor= \"#fafafa\";\n\t\tdocument.getElementById(\"rgpdUR\").style.backgroundColor= \"white\";\n\t\t\n\t\t\n\t }\n\t function  rgpdURClick()\n\t {\n\t\tdocument.getElementById(\"rgpdmenu1\").style.display= \"none\";\n\t\tdocument.getElementById(\"rgpdmenu2\").style.display= \"none\";  \n\t\tdocument.getElementById(\"rgpdmenu3\").style.display= \"none\";\n\t\tdocument.getElementById(\"rgpdmenu4\").style.display= \"block\"; \n\t\t\n\t\t\/\/disable other tabs and color\n\t\tdocument.getElementById(\"rgpdPDA\").style.backgroundColor= \"white\";\n\t\tdocument.getElementById(\"rgpdFM\").style.backgroundColor= \"white\";  \n\t\tdocument.getElementById(\"rgpdDR\").style.backgroundColor= \"white\";\n\t\tdocument.getElementById(\"rgpdUR\").style.backgroundColor= \"#fafafa\";\n\t }\n<\/script>\n\n\n<div class=\"containerr-fluid\">\n<div class=\"rgpd-tab\">\n  <button class=\"active rgpd-tablinks\" id=\"rgpdPDA\" onclick=\"rgpdPDAClick()\"><div class=\"rgpd-head\">Pedido de Acesso a Dados<\/div><\/button>\n  <button id=\"rgpdFM\" class=\"rgpd-tablinks\" onclick=\"rgpdFMClick()\"><div class=\"rgpd-head\">Esque\u00e7a o pedido de dados<\/div><\/button>\n  <button id=\"rgpdDR\" class=\"rgpd-tablinks\" onclick=\"rgpdDRClick()\"><div class=\"rgpd-head\">Retificar Solicita\u00e7\u00e3o de Dados<\/div><\/button>\n  <button id=\"rgpdUR\" class=\"rgpd-tablinks\" onclick=\"rgpdURClick()\"><div class=\"rgpd-head\">Solicita\u00e7\u00e3o de cancelamento de inscri\u00e7\u00e3o<\/div><\/button>\n<\/div>\n\n<div class=\"\">\n    \n    <div id=\"rgpdmenu1\">\n      <div class=\"col-18\"><br>\n  <div class=\"rgpddefaults rgpdpanel\">\n    <div class=\"rgpd-panel-heading\"><div id=\"ez-toc-container\" class=\"ez-toc-v2_0_82_2 counter-hierarchy ez-toc-counter ez-toc-grey ez-toc-container-direction\">\n<div class=\"ez-toc-title-container\">\n<p class=\"ez-toc-title\" style=\"cursor:inherit\">Table of Contents<\/p>\n<span class=\"ez-toc-title-toggle\"><a href=\"#\" class=\"ez-toc-pull-right ez-toc-btn ez-toc-btn-xs ez-toc-btn-default ez-toc-toggle\" aria-label=\"Toggle Table of Content\"><span class=\"ez-toc-js-icon-con\"><span class=\"\"><span class=\"eztoc-hide\" style=\"display:none;\">Toggle<\/span><span class=\"ez-toc-icon-toggle-span\"><svg style=\"fill: #999;color:#999\" xmlns=\"http:\/\/www.w3.org\/2000\/svg\" class=\"list-377408\" width=\"20px\" height=\"20px\" viewBox=\"0 0 24 24\" fill=\"none\"><path d=\"M6 6H4v2h2V6zm14 0H8v2h12V6zM4 11h2v2H4v-2zm16 0H8v2h12v-2zM4 16h2v2H4v-2zm16 0H8v2h12v-2z\" fill=\"currentColor\"><\/path><\/svg><svg style=\"fill: #999;color:#999\" class=\"arrow-unsorted-368013\" xmlns=\"http:\/\/www.w3.org\/2000\/svg\" width=\"10px\" height=\"10px\" viewBox=\"0 0 24 24\" version=\"1.2\" baseProfile=\"tiny\"><path d=\"M18.2 9.3l-6.2-6.3-6.2 6.3c-.2.2-.3.4-.3.7s.1.5.3.7c.2.2.4.3.7.3h11c.3 0 .5-.1.7-.3.2-.2.3-.5.3-.7s-.1-.5-.3-.7zM5.8 14.7l6.2 6.3 6.2-6.3c.2-.2.3-.5.3-.7s-.1-.5-.3-.7c-.2-.2-.4-.3-.7-.3h-11c-.3 0-.5.1-.7.3-.2.2-.3.5-.3.7s.1.5.3.7z\"\/><\/svg><\/span><\/span><\/span><\/a><\/span><\/div>\n<nav><ul class='ez-toc-list ez-toc-list-level-1 ' ><li class='ez-toc-page-1 ez-toc-heading-level-4'><a class=\"ez-toc-link ez-toc-heading-1\" href=\"https:\/\/micheladrianomedeiros.com.br\/blog\/acesso-a-dados\/#Pedido_de_Acesso_a_Dados\" >Pedido de Acesso a Dados<\/a><\/li><li class='ez-toc-page-1 ez-toc-heading-level-4'><a class=\"ez-toc-link ez-toc-heading-2\" href=\"https:\/\/micheladrianomedeiros.com.br\/blog\/acesso-a-dados\/#Esqueca_o_pedido_de_dados\" >Esque\u00e7a o pedido de dados<\/a><\/li><li class='ez-toc-page-1 ez-toc-heading-level-4'><a class=\"ez-toc-link ez-toc-heading-3\" href=\"https:\/\/micheladrianomedeiros.com.br\/blog\/acesso-a-dados\/#Retificar_Solicitacao_de_Dados\" >Retificar Solicita\u00e7\u00e3o de Dados<\/a><\/li><li class='ez-toc-page-1 ez-toc-heading-level-4'><a class=\"ez-toc-link ez-toc-heading-4\" href=\"https:\/\/micheladrianomedeiros.com.br\/blog\/acesso-a-dados\/#Formulario_de_solicitacao_de_cancelamento_de_inscricao\" >Formul\u00e1rio de solicita\u00e7\u00e3o de cancelamento de inscri\u00e7\u00e3o<\/a><\/li><\/ul><\/nav><\/div>\n<h4 style=\"color:white\"><span class=\"ez-toc-section\" id=\"Pedido_de_Acesso_a_Dados\"><\/span>Pedido de Acesso a Dados<span class=\"ez-toc-section-end\"><\/span><\/h4><\/div>\n    <div class=\"rgpd-panel-body\">\n       \n<div id=\"rgpdpda\" class=\"form-group\">\n<form action=\"\" method=\"post\"><br>\n<p>\n<b>Solicite uma c\u00f3pia dos dados que temos sobre voc\u00ea. Um e-mail ser\u00e1 enviado para voc\u00ea com os dados depois que forem gerados.<\/b><\/p>\n\n<label for=\"rgpdemailpda\">O email:<\/label>\n<input type=\"email\" id=\"rgpdemailpda\" class=\"rgpdinp\" name=\"rgpdemailpda\" value=\"\" required=\"\">\n<br><br>\n\n <button type=\"submit\" name=\"rgpdpdasubmit\" class=\"submitrequestbtn\">Enviar pedido<\/button>\n\n<\/form>\n        \n<\/div>\n        \n    <\/div>\n  <\/div>\n<\/div>\n<\/div>\n<div id=\"rgpdmenu2\">\n<div class=\"col-18\"><br>\n<div class=\"rgpddefaults rgpdpanel\">\n<div class=\"rgpd-panel-heading\"><h4 style=\"color:white\"><span class=\"ez-toc-section\" id=\"Esqueca_o_pedido_de_dados\"><\/span>Esque\u00e7a o pedido de dados<span class=\"ez-toc-section-end\"><\/span><\/h4><\/div>\n<div class=\"rgpd-panel-body\">\n<div id=\"rgpdfm\" class=\"Form Control\"> \n<form action=\"\" method=\"post\"><br>\n<p>\n<b>\nSelecione o que voc\u00ea deseja ser esquecido. Voc\u00ea ser\u00e1 notificado por e-mail assim que terminar.\n<\/b><\/p>\n<label class=\"containerr\">\n<b>Coment\u00e1rios<\/b>\n<input type=\"checkbox\" name=\"rgpdfmchkboxc\" value=\"c\">\n<span class=\"rgpdcheckmark\"><\/span>\n<\/label>\n\nSeus coment\u00e1rios em v\u00e1rios posts<br><br>\n<label class=\"containerr\">\n<b>Postagens<\/b>\n<input type=\"checkbox\" name=\"rgpdfmchkboxp\" value=\"p\">\n<span class=\"rgpdcheckmark\"><\/span>\n<\/label>\nArtigos e posts escritos por voc\u00ea\n<br><br>\n<label class=\"containerr\">\n<b>Dados do usu\u00e1rio<\/b>\n<input type=\"checkbox\" name=\"rgpdfmchkboxu\" value=\"u\">\n<span class=\"rgpdcheckmark\"><\/span>\n<\/label>\nSeus dados de usu\u00e1rio registrados no banco de dados Wordpress.\n<br>\n <br><label for=\"\">O email:<\/label>\n<input type=\"email\" class=\"rgpdinp\" name=\"rgpdfmemail\" value=\"\" required=\"\">\n<br><br>\n<!-- <label class=\"containerr\">\nConcordo que meu e-mail seja coletado para processar essa solicita\u00e7\u00e3o. Veja a p\u00e1gina Pol\u00edtica de Privacidade para mais informa\u00e7\u00f5es.\n<input type=\"checkbox\" name=\"rgpdchkbox\" value=\"1\" required=\"\">\n\n<span class=\"rgpdcheckmark\"><\/span>\n<\/label> -->\n <button type=\"submit\" name=\"rgpdfmsubmit\" class=\"submitrequestbtn\">Enviar pedido<\/button>  \n<\/form>\n<\/div> \n        \n    <\/div>\n  <\/div>\n<\/div>\n    <\/div>\n    <div id=\"rgpdmenu3\">\n    <div id=\"rgpddr\" class=\"Form Control\">\n      <div class=\"col-18\"><br>\n  <div class=\"rgpddefaults rgpdpanel\">\n    <div class=\"rgpd-panel-heading\"><h4 style=\"color:white\"><span class=\"ez-toc-section\" id=\"Retificar_Solicitacao_de_Dados\"><\/span>Retificar Solicita\u00e7\u00e3o de Dados<span class=\"ez-toc-section-end\"><\/span><\/h4><\/div>\n    <div class=\"rgpd-panel-body\">\n   <div id=\"rgpddr\" class=\"Form Control\"> \n<form action=\"\" method=\"post\"><br>\n\n<label class=\"containerr\">\nComent\u00e1rios do WordPress\n<input type=\"checkbox\" name=\"rgpddrchkboxc\" value=\"c\">\n<span class=\"rgpdcheckmark\"><\/span>\n<\/label>\n\nSeus coment\u00e1rios em v\u00e1rios posts<br><br>\n<label class=\"containerr\">\n<b>Postagens do WordPress<\/b>\n<input type=\"checkbox\" name=\"rgpddrchkboxp\" value=\"p\">\n<span class=\"rgpdcheckmark\"><\/span>\n<\/label>\nArtigos e posts escritos por voc\u00ea\n<br><br>\n<label class=\"containerr\">\n<b>Dados do usu\u00e1rio do WordPress<\/b>\n<input type=\"checkbox\" name=\"rgpddrchkboxu\" value=\"u\">\n<span class=\"rgpdcheckmark\"><\/span>\n<\/label>\nSeus dados de usu\u00e1rio registrados no banco de dados Wordpress.<br>\n<label><br>\nO que deve ser retificado?<\/label><\/br>\n<textarea name=\"rgpdrectification\" class=\"rgpdinp\" rows=\"5\" required=\"\"><\/textarea><br><br>\n\n<label for=\"\">O email:<\/label>\n<input type=\"email\" class=\"rgpdinp\" name=\"rgpddremail\" value=\"\" required=\"\">\n\n<br><br>\n\n<button type=\"submit\" name=\"rgpddrsubmit\" class=\"submitrequestbtn\">Enviar pedido<\/button>\n\n<\/form>\n         <\/div> \n    <\/div>\n  <\/div>\n<\/div>\n<\/div>\n    <\/div>\n\t\n\t<div id=\"rgpdmenu4\">\n    <div id=\"rgpdur\" class=\"Form Control\">\n      <div class=\"col-18\"><br>\n  <div class=\"rgpddefaults rgpdpanel\">\n    <div class=\"rgpd-panel-heading\"><h4 style=\"color:white\"><span class=\"ez-toc-section\" id=\"Formulario_de_solicitacao_de_cancelamento_de_inscricao\"><\/span>Formul\u00e1rio de solicita\u00e7\u00e3o de cancelamento de inscri\u00e7\u00e3o<span class=\"ez-toc-section-end\"><\/span><\/h4><\/div>\n    <div class=\"rgpd-panel-body\">\n   <div id=\"rgpdur\" class=\"Form Control\"> <br>\n   <div class=\"rgpd-alert\" style=\"color:black;\">Por favor, reconsidere o cancelamento da assinatura, pois voc\u00ea pode perder atualiza\u00e7\u00f5es e ofertas importantes de nossa parte. Se voc\u00ea realmente quiser cancelar a inscri\u00e7\u00e3o, preencha seu endere\u00e7o de e-mail. Na caixa abaixo<\/div>\n<form action=\"\" method=\"post\"><br>\n<label for=\"\">Nome:<\/label><br>\n<input type=\"text\" id=\"\" class=\"rgpdinp\" name=\"unsname\" value=\"\" required=\"\">\n<br><br>\n<label for=\"\">O email:<\/label>\n<input type=\"email\" id=\"\" class=\"rgpdinp\" name=\"unsemail\" value=\"\" required=\"\">\n<br><br>\n <button type=\"submit\" name=\"rgpdunssubmit\" class=\"submitrequestbtn\">Enviar pedido<\/button>\n<\/form>\n<\/div>\n<\/div>\n        \n    <\/div>\n  <\/div>\n<\/div>\n<\/div>\n\t\n\t\n  <\/div>\n<\/div>\n<script type=\"text\/javascript\">\n  document.getElementById(\"rgpdmenu2\").style.display= \"none\";  \n\tdocument.getElementById(\"rgpdmenu3\").style.display= \"none\";\n\tdocument.getElementById(\"rgpdmenu4\").style.display= \"none\";\n\t\n\t\/\/disable other tabs and color\n\t\tdocument.getElementById(\"rgpdPDA\").style.backgroundColor= \"#FE9A2E\";\n\t\tdocument.getElementById(\"rgpdFM\").style.backgroundColor= \"white\";  \n\t\tdocument.getElementById(\"rgpdDR\").style.backgroundColor= \"white\";\n\t\tdocument.getElementById(\"rgpdUR\").style.backgroundColor= \"white\";\n<\/script>\n<style>\n\/* Customize the label (the containerr) *\/\n.containerr {\n  display: block;\n  position: relative;\n  padding-left: 35px;\n  margin-bottom: 12px;\n  cursor: pointer;\n  \n  -webkit-user-select: none;\n  -moz-user-select: none;\n  -ms-user-select: none;\n  user-select: none;\n}\n\n\/* Hide the browsers default checkbox *\/\n.containerr input {\n  position: absolute;\n  opacity: 0;\n  cursor: pointer;\n}\n\n\/* Create a custom checkbox *\/\n.rgpdcheckmark {\n  position: absolute;\n  top: 0;\n  left: 0;\n  height: 25px;\n  width: 25px;\n  background-color: #eee;\n}\n\n\/* On mouse-over, add a grey background color *\/\n.containerr:hover input ~ .rgpdcheckmark {\n  background-color: #ccc;\n}\n\n\/* When the checkbox is checked, add a blue background *\/\n.containerr input:checked ~ .rgpdcheckmark {\n  background-color: #2196F3;\n}\n\n\/* Create the rgpdcheckmark\/indicator (hidden when not checked) *\/\n.rgpdcheckmark:after {\n  content: \"\";\n  position: absolute;\n  display: none;\n}\n\n\/* Show the rgpdcheckmark when checked *\/\n.containerr input:checked ~ .rgpdcheckmark:after {\n  display: block;\n}\n\n\/* Style the rgpdcheckmark\/indicator *\/\n.containerr .rgpdcheckmark:after {\n  left: 9px;\n  top: 5px;\n  width: 5px;\n  height: 10px;\n  border: solid white;\n  border-width: 0 3px 3px 0;\n  -webkit-transform: rotate(45deg);\n  -ms-transform: rotate(45deg);\n  transform: rotate(45deg);\n}\n\n.rgpdpanel {\n    border-color: #525863;\n}\n.rgpdpanel>.rgpd-panel-heading {\n    color: #fff;\n     background: linear-gradient(#525863, #444a55);\n    border-color: #525863;\n}\n\n.rgpd-panel-heading {\n  padding: 10px 10px;\n    border-bottom: 1px solid transparent;\n    border-top-left-radius: 3px;\n    border-top-right-radius: 3px;\n\n}\n\n.rgpddefaults {\n\n    margin-bottom: 20px;\n    background-color: #fff;\n    border: 1px solid transparent;\n    border-radius: 4px;\n    -webkit-box-shadow: 0 1px 1px rgba(0,0,0,.05);\n    box-shadow: 0 1px 1px rgba(0,0,0,.05);\n\n}\n\n.rgpd-rgpd-panel-body {\n  padding: 15px;\n}\n\ninput[type=email].rgpdinp,input[type=text].rgpdinp,textarea.rgpdinp {\n    width: 100%;\n    padding: 12px;\n    border: 1px solid #ccc;\n    border-radius: 4px;\n    resize: vertical;\n}\n\n\/*Button Style  *\/\n.submitrequestbtn {\n    background-color: #008CBA; \/* Green *\/\n    border: none;\n    color: white;\n    padding: 10px 24px;\n    text-align: center;\n    text-decoration: none;\n    display: inline-block;\n    font-size: 16px;\n    border-radius: 4px;\n}\n\n\n\/* Style the tab *\/\n.rgpd-tab {\n    overflow: hidden;\n    border: 1px solid #ccc;\n    background-color: white;\n    border-radius: 3px;\n\n}\n\n\/* Style the buttons inside the tab *\/\n.rgpd-tab button {\n    background-color: inherit;\n    float: left;\n    border: none;\n    outline: none;\n    cursor: pointer;\n    padding: 14px 16px;\n    transition: 0.3s;\n    font-size: 17px;\n\tcolor:black;\n}\n\n\/* Style the text on the header *\/\n.rgpd-head {\n    font-size: 14px;\n}\n\n\n\/* Change background color of buttons on hover *\/\n.rgpd-tab button:hover {\n    background-color: #ddd;\n}\n\n.rgpd-alert {\n    padding: 20px;\n    background-color: #f4debc;\n    color: white;\n    border-radius: 4px;\n\n}\n\/*e7d7bf*\/\n<\/style>\n\n","protected":false},"excerpt":{"rendered":"","protected":false},"author":1,"featured_media":0,"parent":0,"menu_order":0,"comment_status":"closed","ping_status":"closed","template":"","meta":{"footnotes":""},"tags":[],"class_list":["post-454","page","type-page","status-publish","hentry"],"yoast_head":"<!-- This site is optimized with the Yoast SEO Premium plugin v25.5 (Yoast SEO v27.5) - https:\/\/yoast.com\/product\/yoast-seo-premium-wordpress\/ -->\n<title>Acesso a Dados - Viciados em Aprender<\/title>\n<meta name=\"robots\" content=\"index, follow, max-snippet:-1, max-image-preview:large, max-video-preview:-1\" \/>\n<link rel=\"canonical\" href=\"https:\/\/micheladrianomedeiros.com.br\/blog\/acesso-a-dados\/\" \/>\n<meta property=\"og:locale\" content=\"pt_PT\" \/>\n<meta property=\"og:type\" content=\"article\" \/>\n<meta property=\"og:title\" content=\"Acesso a Dados\" \/>\n<meta property=\"og:url\" content=\"https:\/\/micheladrianomedeiros.com.br\/blog\/acesso-a-dados\/\" \/>\n<meta property=\"og:site_name\" content=\"Viciados em Aprender\" \/>\n<meta property=\"article:modified_time\" content=\"2020-07-13T16:38:56+00:00\" \/>\n<meta name=\"twitter:card\" content=\"summary_large_image\" \/>\n<script type=\"application\/ld+json\" class=\"yoast-schema-graph\">{\"@context\":\"https:\\\/\\\/schema.org\",\"@graph\":[{\"@type\":\"WebPage\",\"@id\":\"https:\\\/\\\/micheladrianomedeiros.com.br\\\/blog\\\/acesso-a-dados\\\/\",\"url\":\"https:\\\/\\\/micheladrianomedeiros.com.br\\\/blog\\\/acesso-a-dados\\\/\",\"name\":\"Acesso a Dados - Viciados em Aprender\",\"isPartOf\":{\"@id\":\"https:\\\/\\\/micheladrianomedeiros.com.br\\\/blog\\\/#website\"},\"datePublished\":\"2019-10-01T14:43:32+00:00\",\"dateModified\":\"2020-07-13T16:38:56+00:00\",\"breadcrumb\":{\"@id\":\"https:\\\/\\\/micheladrianomedeiros.com.br\\\/blog\\\/acesso-a-dados\\\/#breadcrumb\"},\"inLanguage\":\"pt-PT\",\"potentialAction\":[{\"@type\":\"ReadAction\",\"target\":[\"https:\\\/\\\/micheladrianomedeiros.com.br\\\/blog\\\/acesso-a-dados\\\/\"]}]},{\"@type\":\"BreadcrumbList\",\"@id\":\"https:\\\/\\\/micheladrianomedeiros.com.br\\\/blog\\\/acesso-a-dados\\\/#breadcrumb\",\"itemListElement\":[{\"@type\":\"ListItem\",\"position\":1,\"name\":\"In\u00edcio\",\"item\":\"https:\\\/\\\/micheladrianomedeiros.com.br\\\/blog\\\/\"},{\"@type\":\"ListItem\",\"position\":2,\"name\":\"Acesso a Dados\"}]},{\"@type\":\"WebSite\",\"@id\":\"https:\\\/\\\/micheladrianomedeiros.com.br\\\/blog\\\/#website\",\"url\":\"https:\\\/\\\/micheladrianomedeiros.com.br\\\/blog\\\/\",\"name\":\"Viciados em Aprender\",\"description\":\"Queremos aprender tudo o que for poss\u00edvel nesta vida.\",\"publisher\":{\"@id\":\"https:\\\/\\\/micheladrianomedeiros.com.br\\\/blog\\\/#\\\/schema\\\/person\\\/687a6d17428a0f0e040aefbd858ebc1e\"},\"potentialAction\":[{\"@type\":\"SearchAction\",\"target\":{\"@type\":\"EntryPoint\",\"urlTemplate\":\"https:\\\/\\\/micheladrianomedeiros.com.br\\\/blog\\\/?s={search_term_string}\"},\"query-input\":{\"@type\":\"PropertyValueSpecification\",\"valueRequired\":true,\"valueName\":\"search_term_string\"}}],\"inLanguage\":\"pt-PT\"},{\"@type\":[\"Person\",\"Organization\"],\"@id\":\"https:\\\/\\\/micheladrianomedeiros.com.br\\\/blog\\\/#\\\/schema\\\/person\\\/687a6d17428a0f0e040aefbd858ebc1e\",\"name\":\"blackzig\",\"image\":{\"@type\":\"ImageObject\",\"inLanguage\":\"pt-PT\",\"@id\":\"https:\\\/\\\/micheladrianomedeiros.com.br\\\/blog\\\/wp-content\\\/uploads\\\/2025\\\/07\\\/a7e4b18a2d7254b5cf6da7ca7f92dc71da86905bd1de486e98e3a98664e058f2.jpg\",\"url\":\"https:\\\/\\\/micheladrianomedeiros.com.br\\\/blog\\\/wp-content\\\/uploads\\\/2025\\\/07\\\/a7e4b18a2d7254b5cf6da7ca7f92dc71da86905bd1de486e98e3a98664e058f2.jpg\",\"contentUrl\":\"https:\\\/\\\/micheladrianomedeiros.com.br\\\/blog\\\/wp-content\\\/uploads\\\/2025\\\/07\\\/a7e4b18a2d7254b5cf6da7ca7f92dc71da86905bd1de486e98e3a98664e058f2.jpg\",\"width\":1920,\"height\":1080,\"caption\":\"blackzig\"},\"logo\":{\"@id\":\"https:\\\/\\\/micheladrianomedeiros.com.br\\\/blog\\\/wp-content\\\/uploads\\\/2025\\\/07\\\/a7e4b18a2d7254b5cf6da7ca7f92dc71da86905bd1de486e98e3a98664e058f2.jpg\"},\"sameAs\":[\"http:\\\/\\\/www.micheladrianomedeiros.com.br\\\/\"]}]}<\/script>\n<!-- \/ Yoast SEO Premium plugin. -->","yoast_head_json":{"title":"Acesso a Dados - Viciados em Aprender","robots":{"index":"index","follow":"follow","max-snippet":"max-snippet:-1","max-image-preview":"max-image-preview:large","max-video-preview":"max-video-preview:-1"},"canonical":"https:\/\/micheladrianomedeiros.com.br\/blog\/acesso-a-dados\/","og_locale":"pt_PT","og_type":"article","og_title":"Acesso a Dados","og_url":"https:\/\/micheladrianomedeiros.com.br\/blog\/acesso-a-dados\/","og_site_name":"Viciados em Aprender","article_modified_time":"2020-07-13T16:38:56+00:00","twitter_card":"summary_large_image","schema":{"@context":"https:\/\/schema.org","@graph":[{"@type":"WebPage","@id":"https:\/\/micheladrianomedeiros.com.br\/blog\/acesso-a-dados\/","url":"https:\/\/micheladrianomedeiros.com.br\/blog\/acesso-a-dados\/","name":"Acesso a Dados - Viciados em Aprender","isPartOf":{"@id":"https:\/\/micheladrianomedeiros.com.br\/blog\/#website"},"datePublished":"2019-10-01T14:43:32+00:00","dateModified":"2020-07-13T16:38:56+00:00","breadcrumb":{"@id":"https:\/\/micheladrianomedeiros.com.br\/blog\/acesso-a-dados\/#breadcrumb"},"inLanguage":"pt-PT","potentialAction":[{"@type":"ReadAction","target":["https:\/\/micheladrianomedeiros.com.br\/blog\/acesso-a-dados\/"]}]},{"@type":"BreadcrumbList","@id":"https:\/\/micheladrianomedeiros.com.br\/blog\/acesso-a-dados\/#breadcrumb","itemListElement":[{"@type":"ListItem","position":1,"name":"In\u00edcio","item":"https:\/\/micheladrianomedeiros.com.br\/blog\/"},{"@type":"ListItem","position":2,"name":"Acesso a Dados"}]},{"@type":"WebSite","@id":"https:\/\/micheladrianomedeiros.com.br\/blog\/#website","url":"https:\/\/micheladrianomedeiros.com.br\/blog\/","name":"Viciados em Aprender","description":"Queremos aprender tudo o que for poss\u00edvel nesta vida.","publisher":{"@id":"https:\/\/micheladrianomedeiros.com.br\/blog\/#\/schema\/person\/687a6d17428a0f0e040aefbd858ebc1e"},"potentialAction":[{"@type":"SearchAction","target":{"@type":"EntryPoint","urlTemplate":"https:\/\/micheladrianomedeiros.com.br\/blog\/?s={search_term_string}"},"query-input":{"@type":"PropertyValueSpecification","valueRequired":true,"valueName":"search_term_string"}}],"inLanguage":"pt-PT"},{"@type":["Person","Organization"],"@id":"https:\/\/micheladrianomedeiros.com.br\/blog\/#\/schema\/person\/687a6d17428a0f0e040aefbd858ebc1e","name":"blackzig","image":{"@type":"ImageObject","inLanguage":"pt-PT","@id":"https:\/\/micheladrianomedeiros.com.br\/blog\/wp-content\/uploads\/2025\/07\/a7e4b18a2d7254b5cf6da7ca7f92dc71da86905bd1de486e98e3a98664e058f2.jpg","url":"https:\/\/micheladrianomedeiros.com.br\/blog\/wp-content\/uploads\/2025\/07\/a7e4b18a2d7254b5cf6da7ca7f92dc71da86905bd1de486e98e3a98664e058f2.jpg","contentUrl":"https:\/\/micheladrianomedeiros.com.br\/blog\/wp-content\/uploads\/2025\/07\/a7e4b18a2d7254b5cf6da7ca7f92dc71da86905bd1de486e98e3a98664e058f2.jpg","width":1920,"height":1080,"caption":"blackzig"},"logo":{"@id":"https:\/\/micheladrianomedeiros.com.br\/blog\/wp-content\/uploads\/2025\/07\/a7e4b18a2d7254b5cf6da7ca7f92dc71da86905bd1de486e98e3a98664e058f2.jpg"},"sameAs":["http:\/\/www.micheladrianomedeiros.com.br\/"]}]}},"_links":{"self":[{"href":"https:\/\/micheladrianomedeiros.com.br\/blog\/wp-json\/wp\/v2\/pages\/454","targetHints":{"allow":["GET"]}}],"collection":[{"href":"https:\/\/micheladrianomedeiros.com.br\/blog\/wp-json\/wp\/v2\/pages"}],"about":[{"href":"https:\/\/micheladrianomedeiros.com.br\/blog\/wp-json\/wp\/v2\/types\/page"}],"author":[{"embeddable":true,"href":"https:\/\/micheladrianomedeiros.com.br\/blog\/wp-json\/wp\/v2\/users\/1"}],"replies":[{"embeddable":true,"href":"https:\/\/micheladrianomedeiros.com.br\/blog\/wp-json\/wp\/v2\/comments?post=454"}],"version-history":[{"count":3,"href":"https:\/\/micheladrianomedeiros.com.br\/blog\/wp-json\/wp\/v2\/pages\/454\/revisions"}],"predecessor-version":[{"id":1005,"href":"https:\/\/micheladrianomedeiros.com.br\/blog\/wp-json\/wp\/v2\/pages\/454\/revisions\/1005"}],"wp:attachment":[{"href":"https:\/\/micheladrianomedeiros.com.br\/blog\/wp-json\/wp\/v2\/media?parent=454"}],"wp:term":[{"taxonomy":"post_tag","embeddable":true,"href":"https:\/\/micheladrianomedeiros.com.br\/blog\/wp-json\/wp\/v2\/tags?post=454"}],"curies":[{"name":"wp","href":"https:\/\/api.w.org\/{rel}","templated":true}]}}